{"id":818,"date":"2017-06-22T13:07:05","date_gmt":"2017-06-22T11:07:05","guid":{"rendered":"http:\/\/www.ekodarpol.pl\/laboratorium\/?page_id=818"},"modified":"2023-08-09T15:10:47","modified_gmt":"2023-08-09T13:10:47","slug":"cennik","status":"publish","type":"page","link":"https:\/\/www.ekodarpol.pl\/laboratorium\/cennik\/","title":{"rendered":"Cennik"},"content":{"rendered":"<p>Cennik obowi\u0105zuje od dnia 1.02.2023<\/p>\n<table class=\"table\">\n<thead>\n<tr class=\"table-secondary active\">\n<td class=\"text-center\" colspan=\"5\"><strong>BADANIA FIZYKO-CHEMICZNE<\/strong><\/td>\n<\/tr>\n<tr class=\"table-secondary active\">\n<td class=\"text-center\" colspan=\"5\"><strong>GLEBY ROLNICZE <\/strong><\/td>\n<\/tr>\n<tr class=\"table-secondary active\">\n<th class=\"col-md-1\" scope=\"col\">Lp.<\/th>\n<th class=\"col-md-3\" scope=\"col\">Badane cechy\/parametry<\/th>\n<th class=\"col-md-3\" scope=\"col\">Metoda badawcza<\/th>\n<th class=\"col-md-3\" scope=\"col\">Dokumenty odniesienia<\/th>\n<th class=\"col-md-2\" scope=\"col\">Cena us\u0142ugi [z\u0142 brutto]<\/th>\n<\/tr>\n<\/thead>\n<tbody>\n<tr>\n<td scope=\"row\">1<\/td>\n<td>Sucha masa i zawarto\u015b\u0107 wody<\/td>\n<td>Wagowa<\/td>\n<td>PN-ISO 11465:1999<\/td>\n<td>23,00<\/td>\n<\/tr>\n<tr>\n<td scope=\"row\">2<\/td>\n<td>pH w chlorku potasu<\/td>\n<td>Potencjometryczna<\/td>\n<td>PN-ISO 10390:1997<\/td>\n<td>15,00<\/td>\n<\/tr>\n<tr>\n<td scope=\"row\">3<\/td>\n<td>Fosfor przyswajalny<\/td>\n<td rowspan=\"3\">Ekstrakcja Mehlich 3<br \/>\nSpektrometria mas sprz\u0119\u017cona z plazm\u0105 wzbudzan\u0105 indukcyjnie (ICP MS)<\/td>\n<td rowspan=\"3\">EKO\/LAB\/PB-G-01:2018<\/td>\n<td>65,00<\/td>\n<\/tr>\n<tr>\n<td scope=\"row\">4<\/td>\n<td>Potas przyswajalny<\/td>\n<td>65,00<\/td>\n<\/tr>\n<tr>\n<td scope=\"row\">5<\/td>\n<td>Magnez przyswajalny<\/td>\n<td>65,00<\/td>\n<\/tr>\n<tr>\n<td scope=\"row\">6<\/td>\n<td>\u017belazo przyswajalne<\/td>\n<td rowspan=\"10\">Ekstrakcja 1M HCl<br \/>\nSpektrometria mas sprz\u0119\u017cona z plazm\u0105 wzbudzan\u0105 indukcyjnie (ICP-MS)<\/td>\n<td rowspan=\"10\">EKO\/LAB\/PB-G-02:2018<\/td>\n<td>65,00<\/td>\n<\/tr>\n<tr>\n<td scope=\"row\">7<\/td>\n<td>Mangan przyswajalny<\/td>\n<td>65,00<\/td>\n<\/tr>\n<tr>\n<td scope=\"row\">8<\/td>\n<td>Mied\u017a przyswajalna<\/td>\n<td>65,00<\/td>\n<\/tr>\n<tr>\n<td scope=\"row\">9<\/td>\n<td>Cynk przyswajalny<\/td>\n<td>65,00<\/td>\n<\/tr>\n<tr>\n<td scope=\"row\">10<\/td>\n<td>Bor przyswajalny<\/td>\n<td>65,00<\/td>\n<\/tr>\n<tr>\n<td scope=\"row\">11<\/td>\n<td>Chrom przyswajalny<\/td>\n<td>65,00<\/td>\n<\/tr>\n<tr>\n<td scope=\"row\">12<\/td>\n<td>Kadm przyswajalny<\/td>\n<td>65,00<\/td>\n<\/tr>\n<tr>\n<td scope=\"row\">13<\/td>\n<td>Nikiel przyswajalny<\/td>\n<td>65,00<\/td>\n<\/tr>\n<tr>\n<td scope=\"row\">14<\/td>\n<td>O\u0142\u00f3w przyswajalny<\/td>\n<td>65,00<\/td>\n<\/tr>\n<tr>\n<td scope=\"row\">15<\/td>\n<td>Rt\u0119\u0107 przyswajalna<\/td>\n<td>65,00<\/td>\n<\/tr>\n<tr>\n<td scope=\"row\">16<\/td>\n<td>W\u0119giel organiczny, Pr\u00f3chnica, Azot og\u00f3lny, Stosunek C:N<\/td>\n<td>Wysokotemperaturowego spalania (analiza elementarna)<\/td>\n<td>EKO\/LAB\/PB-G-07:2018<\/td>\n<td>70,00<\/td>\n<\/tr>\n<tr>\n<td scope=\"row\">17<\/td>\n<td>W\u0119giel organiczny, Pr\u00f3chnica, Azot og\u00f3lny, Stosunek C:N, Siarka og\u00f3lna<\/td>\n<td>Wysokotemperaturowego spalania (analiza elementarna)<\/td>\n<td>EKO\/LAB\/PB-G-01:2023<\/td>\n<td>150,00<\/td>\n<\/tr>\n<tr>\n<td scope=\"row\">18<\/td>\n<td>Siarka siarczanowa<\/td>\n<td>(wg metody podwykonawcy)<\/td>\n<td>(wg metody podwykonawcy)<\/td>\n<td>87,47<\/td>\n<\/tr>\n<tr>\n<td scope=\"row\">19<\/td>\n<td>Azot mineralny 2 pr\u00f3bki (z warstw 0-30 i 30-60cm)<\/td>\n<td>(wg metody podwykonawcy)<\/td>\n<td>(wg metody podwykonawcy)<\/td>\n<td>28,12<\/td>\n<\/tr>\n<tr>\n<td scope=\"row\">20<\/td>\n<td>Sk\u0142ad granulometryczny<\/td>\n<td>(wg metody podwykonawcy)<\/td>\n<td>(wg metody podwykonawcy)<\/td>\n<td>46,86<\/td>\n<\/tr>\n<\/tbody>\n<\/table>\n<table class=\"table\">\n<thead>\n<tr class=\"table-secondary active\">\n<td class=\"text-center\" colspan=\"6\"><strong>PAKIETY BADA\u0143 FIZYKO-CHEMICZNYCH<\/strong><\/td>\n<\/tr>\n<tr class=\"table-secondary active\">\n<td class=\"text-center\" colspan=\"6\"><strong>GLEBY ROLNICZE<\/strong><\/td>\n<\/tr>\n<tr class=\"table-secondary active\">\n<th class=\"col-md-1\" rowspan=\"3\"><strong>Lp<\/strong><\/th>\n<th class=\"col-md-3\" rowspan=\"3\"><strong>Nazwa pakietu<\/strong><\/th>\n<th class=\"col-md-6\" rowspan=\"3\">Zawarto\u015b\u0107 pakietu (formy przyswajalne)<\/th>\n<th class=\"col-md-2 text-center\" colspan=\"2\">Cena us\u0142ugi [z\u0142 brutto]<\/th>\n<\/tr>\n<tr class=\"table-secondary active\">\n<th class=\"col-md-2 text-center\" colspan=\"2\">Rodzaj pakietu<\/th>\n<\/tr>\n<tr class=\"table-secondary active\">\n<th class=\"col-md-2 text-center\">profesjonalny*<\/th>\n<th class=\"col-md-2 text-center\">standardowy**<\/th>\n<\/tr>\n<\/thead>\n<tbody>\n<tr>\n<td>21<\/td>\n<td>PODSTAWOWY<\/td>\n<td>pH, Fosfor, Potas, Magnez<\/td>\n<td>50,00<\/td>\n<td>48,00<\/td>\n<\/tr>\n<tr>\n<td>22<\/td>\n<td>MIKRO<\/td>\n<td>pH, \u017belazo, Mangan, Mied\u017a, Cynk, Bor<\/td>\n<td>55,00<\/td>\n<td>53,00<\/td>\n<\/tr>\n<tr>\n<td>23<\/td>\n<td>STANDARDOWY<\/td>\n<td>pH, Fosfor, Potas, Magnez, \u017belazo, Mangan, Mied\u017a, Cynk, Bor<\/td>\n<td>80,00<\/td>\n<td>76,00<\/td>\n<\/tr>\n<tr>\n<td>24<\/td>\n<td>MAKRO<\/td>\n<td>pH, Fosfor, Potas, Magnez, Pr\u00f3chnica, Azot og\u00f3lny<\/td>\n<td>120,00<\/td>\n<td>114,00<\/td>\n<\/tr>\n<tr>\n<td>25<\/td>\n<td>MAKRO + Siarka<\/td>\n<td>pH, Fosfor, Potas, Magnez, Pr\u00f3chnica, Azot og\u00f3lny, Siarka og\u00f3lna<\/td>\n<td>200,00<\/td>\n<td>190,00<\/td>\n<\/tr>\n<tr>\n<td>26<\/td>\n<td>KOMPLETNY<\/td>\n<td>pH, Fosfor, Potas, Magnez, \u017belazo, Mangan, Mied\u017a, Cynk, Bor,<br \/>\nPr\u00f3chnica, W\u0119giel organiczny, Azot og\u00f3lny, Stosunek C:N<\/td>\n<td>150,00<\/td>\n<td>143,00<\/td>\n<\/tr>\n<tr>\n<td>27<\/td>\n<td>KOMPLETNY + S<\/td>\n<td>pH, Fosfor, Potas, Magnez, \u017belazo, Mangan, Mied\u017a, Cynk, Bor,<br \/>\nPr\u00f3chnica, W\u0119giel organiczny, Azot og\u00f3lny, Stosunek C:N, Siarka og\u00f3lna<\/td>\n<td>230,00<\/td>\n<td>219,00<\/td>\n<\/tr>\n<tr>\n<td>28<\/td>\n<td>METALE CI\u0118\u017bKIE<\/td>\n<td>Chrom, Kadm, Nikiel, O\u0142\u00f3w, Rt\u0119\u0107, Cynk, Mied\u017a, Mangan<\/td>\n<td>90,00<\/td>\n<td>90,00<\/td>\n<\/tr>\n<tr>\n<td>29<\/td>\n<td>PR\u00d3CHNICA + AZOT<\/td>\n<td>Pr\u00f3chnica, W\u0119giel organiczny, Azot og\u00f3lny, Stosunek C:N<\/td>\n<td>70,00<\/td>\n<td>70,00<\/td>\n<\/tr>\n<tr>\n<td>30<\/td>\n<td>PR\u00d3CHNICA + AZOT + SIARKA<\/td>\n<td>Pr\u00f3chnica, W\u0119giel organiczny, Azot og\u00f3lny, Stosunek C:N, Siarka og\u00f3lna<\/td>\n<td>150,00<\/td>\n<td>150,00<\/td>\n<\/tr>\n<\/tbody>\n<\/table>\n<p>*Pakiet profesjonalny \u2013 ekstrakcja Mehlich 3 oraz 1M HCl i Spektrometria mas sprz\u0119\u017cona z plazm\u0105 wzbudzan\u0105 indukcyjnie (ICP MS) wyniki przyswajalnych form makro i mikroelement\u00f3w w [mg\/kg gleby] oraz [kg\/ha\/30cm] z uwzgl\u0119dnieniem g\u0119sto\u015bci gleby<\/p>\n<p>**Pakiet standardowy \u2013 ekstrakcja Mehlich 3 oraz 1M HCl i Spektrometria mas sprz\u0119\u017cona z plazm\u0105 wzbudzan\u0105 indukcyjnie (ICP MS ) z ocen\u0105 zawarto\u015bci przyswajalnych form makro i mikroelement\u00f3w, wynik w [mg\/kg gleby]<\/p>\n<table class=\"table\">\n<thead>\n<tr class=\"table-secondary active\">\n<td class=\"text-center\" colspan=\"5\"><strong>GLEBY I POD\u0141O\u017bA OGRODNICZE<\/strong><\/td>\n<\/tr>\n<tr class=\"table-secondary active\">\n<th class=\"col-md-1\"><strong>Lp.<\/strong><\/th>\n<th class=\"col-md-3\"><strong>Badane cechy\/parametry<\/strong><\/th>\n<th class=\"col-md-3\"><strong>Metoda badawcza<\/strong><\/th>\n<th class=\"col-md-3\"><strong>Dokumenty odniesienia<\/strong><\/th>\n<th class=\"col-md-2\">Cena us\u0142ugi [z\u0142 brutto]<\/th>\n<\/tr>\n<\/thead>\n<tbody>\n<tr>\n<td scope=\"row\">31<\/td>\n<td>pH w wodzie<\/td>\n<td>Potencjometryczna<\/td>\n<td>PN-ISO 10390:1997<\/td>\n<td>15,00<\/td>\n<\/tr>\n<tr>\n<td scope=\"row\">32<\/td>\n<td>Przewodno\u015b\u0107 elektryczna (zasolenie)<\/td>\n<td>Konduktometryczna<\/td>\n<td>PN-ISO 11265:1997<\/td>\n<td>15,00<\/td>\n<\/tr>\n<tr>\n<td scope=\"row\">33<\/td>\n<td>Fosfor przyswajalny<\/td>\n<td rowspan=\"4\">Ekstrakcja 0,03M kwas octowy<br \/>\nSpektrometria mas sprz\u0119\u017cona z plazm\u0105 wzbudzan\u0105 indukcyjnie (ICP-MS)<\/td>\n<td rowspan=\"4\">EKO\/LAB\/PB-G-05:2018<\/td>\n<td>65,00<\/td>\n<\/tr>\n<tr>\n<td scope=\"row\">34<\/td>\n<td>Potas przyswajalny<\/td>\n<td>65,00<\/td>\n<\/tr>\n<tr>\n<td scope=\"row\">35<\/td>\n<td>Magnez przyswajalny<\/td>\n<td>65,00<\/td>\n<\/tr>\n<tr>\n<td scope=\"row\">36<\/td>\n<td>Bor przyswajalny<\/td>\n<td>65,00<\/td>\n<\/tr>\n<tr>\n<td scope=\"row\">37<\/td>\n<td>\u017belazo przyswajalne<\/td>\n<td rowspan=\"4\">Ekstrakcja roztw\u00f3r Lindsay\u2019a<br \/>\nSpektrometria mas sprz\u0119\u017cona z plazm\u0105 wzbudzan\u0105 indukcyjnie (ICP-MS)<\/td>\n<td rowspan=\"4\">EKO\/LAB\/PB-G-06:2018<\/td>\n<td>65,00<\/td>\n<\/tr>\n<tr>\n<td scope=\"row\">38<\/td>\n<td>Mangan przyswajalny<\/td>\n<td>65,00<\/td>\n<\/tr>\n<tr>\n<td scope=\"row\">39<\/td>\n<td>Mied\u017a przyswajalna<\/td>\n<td>65,00<\/td>\n<\/tr>\n<tr>\n<td scope=\"row\">40<\/td>\n<td>Cynk przyswajalny<\/td>\n<td>65,00<\/td>\n<\/tr>\n<tr>\n<td scope=\"row\">41<\/td>\n<td>W\u0119giel organiczny, Pr\u00f3chnica,<br \/>\nAzot og\u00f3lny, Stosunek C:N<\/td>\n<td>Wysokotemperaturowego spalania (analiza elementarna)<\/td>\n<td>EKO\/LAB\/PB-G-07:2018<\/td>\n<td>70,00<\/td>\n<\/tr>\n<tr>\n<td scope=\"row\">42<\/td>\n<td>W\u0119giel organiczny, Pr\u00f3chnica,<br \/>\nAzot og\u00f3lny, Stosunek C:N, Siarka og\u00f3lna<\/td>\n<td>Wysokotemperaturowego spalania (analiza elementarna)<\/td>\n<td>EKO\/LAB\/PB-G-01:2023<\/td>\n<td>150,00<\/td>\n<\/tr>\n<\/tbody>\n<\/table>\n<table class=\"table\">\n<thead>\n<tr class=\"table-secondary active\">\n<td class=\"text-center\" colspan=\"5\"><strong>PAKIETY BADA\u0143 FIZYKO-CHEMICZNYCH<\/strong><\/td>\n<\/tr>\n<tr class=\"table-secondary active\">\n<td class=\"text-center\" colspan=\"5\"><strong>GLEBY I POD\u0141O\u017bA OGRODNICZE<\/strong><\/td>\n<\/tr>\n<tr class=\"table-secondary active\">\n<th class=\"col-md-1\"><strong>Lp.<\/strong><\/th>\n<th class=\"col-md-3\"><strong>Badane cechy\/parametry<\/strong><\/th>\n<th class=\"col-md-6\" colspan=\"2\">Zawarto\u015b\u0107 pakietu (formy przyswajalne)<\/th>\n<th class=\"col-md-2\">Cena us\u0142ugi [z\u0142 brutto]<\/th>\n<\/tr>\n<\/thead>\n<tbody>\n<tr>\n<td>43<\/td>\n<td>PODSTAWOWY<\/td>\n<td colspan=\"2\">pH, Fosfor, Potas, Magnez<\/td>\n<td>50,00<\/td>\n<\/tr>\n<tr>\n<td>44<\/td>\n<td>MIKRO<\/td>\n<td colspan=\"2\">pH, \u017belazo, Mangan Mied\u017a, Cynk, Bor<\/td>\n<td>55,00<\/td>\n<\/tr>\n<tr>\n<td>45<\/td>\n<td>STANDARDOWY<\/td>\n<td colspan=\"2\">pH, Fosfor, Potas, Magnez, \u017belazo, Mangan, Mied\u017a, Cynk, Bor<\/td>\n<td>80,00<\/td>\n<\/tr>\n<tr>\n<td>46<\/td>\n<td>MAKRO<\/td>\n<td colspan=\"2\">pH, Fosfor, Potas, Magnez, Pr\u00f3chnica, Azot og\u00f3lny<\/td>\n<td>120,00<\/td>\n<\/tr>\n<tr>\n<td>47<\/td>\n<td>MAKRO + S<\/td>\n<td colspan=\"2\">pH, Fosfor, Potas, Magnez, Pr\u00f3chnica, Azot og\u00f3lny, Siarka og\u00f3lna<\/td>\n<td>200,00<\/td>\n<\/tr>\n<tr>\n<td>48<\/td>\n<td>KOMPLETNY<\/td>\n<td colspan=\"2\">pH, Fosfor, Potas, Magnez, \u017belazo, Mangan, Mied\u017a, Cynk, Bor,<br \/>\nPr\u00f3chnica, W\u0119giel organiczny, Azot og\u00f3lny, Stosunek C:N<\/td>\n<td>150,00<\/td>\n<\/tr>\n<tr>\n<td>49<\/td>\n<td>KOMPLETNY + S<\/td>\n<td colspan=\"2\">pH, Fosfor, Potas, Magnez, \u017belazo, Mangan, Mied\u017a, Cynk, Bor,<br \/>\nPr\u00f3chnica, W\u0119giel organiczny, Azot og\u00f3lny, Stosunek C:N, Siarka og\u00f3lna<\/td>\n<td>230,00<\/td>\n<\/tr>\n<tr>\n<td>50<\/td>\n<td>METALE CIE\u017bKIE<\/td>\n<td colspan=\"2\">Chrom, Kadm, Nikiel, O\u0142\u00f3w, Rt\u0119\u0107, Cynk, Mied\u017a, Mangan<\/td>\n<td>90,00<\/td>\n<\/tr>\n<tr>\n<td>51<\/td>\n<td>PR\u00d3CHNICA + AZOT<\/td>\n<td colspan=\"2\">Pr\u00f3chnica, W\u0119giel organiczny, Azot og\u00f3lny, Stosunek C:N<\/td>\n<td>70,00<\/td>\n<\/tr>\n<tr>\n<td>62<\/td>\n<td>PR\u00d3CHNICA + AZOT + SIARKA<\/td>\n<td colspan=\"2\">Pr\u00f3chnica, W\u0119giel organiczny, Azot og\u00f3lny, Stosunek C:N, Siarka og\u00f3lna<\/td>\n<td>150,00<\/td>\n<\/tr>\n<\/tbody>\n<\/table>\n<table class=\"table\">\n<thead>\n<tr class=\"table-secondary active\">\n<th class=\"text-center\" colspan=\"5\"><strong>ANALIZY MIKROBIOLOGICZNE GLEB<\/strong><\/th>\n<\/tr>\n<tr class=\"table-secondary active\">\n<th class=\"col-md-1\">Lp.<\/th>\n<th class=\"col-md-9\" colspan=\"3\">Nazwa us\u0142ugi<\/th>\n<th class=\"col-md-2\">Cena us\u0142ugi [z\u0142 brutto]<\/th>\n<\/tr>\n<\/thead>\n<tbody>\n<tr>\n<td>53<\/td>\n<td colspan=\"3\">Oznaczenie og\u00f3lnej liczebno\u015bci mikroorganizm\u00f3w glebowych<\/td>\n<td>60,00<\/td>\n<\/tr>\n<tr>\n<td>54<\/td>\n<td colspan=\"3\">Oznaczenie aktywno\u015bci mikroorganizm\u00f3w glebowych (dehydrogenazy)<\/td>\n<td>90,00<\/td>\n<\/tr>\n<\/tbody>\n<\/table>\n<table class=\"table\">\n<thead>\n<tr class=\"table-secondary active\">\n<th class=\"text-center\" colspan=\"6\"><strong>US\u0141UGI DODATKOWE [DO PAKIET\u00d3W BADA\u0143 PR\u00d3BEK GLEBOWYCH]<\/strong><\/th>\n<\/tr>\n<tr class=\"table-secondary active\">\n<th class=\"col-md-1\" rowspan=\"2\">Lp.<\/th>\n<th class=\"col-md-6\" colspan=\"2\" rowspan=\"2\">Nazwa us\u0142ugi<\/th>\n<th class=\"col-md-4\" colspan=\"2\">Cena us\u0142ugi [z\u0142 brutto]<\/th>\n<th class=\"col-md-1\" rowspan=\"2\">Jednostka przeliczeniowa<\/th>\n<\/tr>\n<tr class=\"table-secondary active\">\n<th class=\"col-md-1\">Laboratorium EKODARPOL <em>1)<\/em><\/th>\n<th class=\"col-md-1\">Laboratorium zewn\u0119trzne <em>2)<\/em><\/th>\n<\/tr>\n<\/thead>\n<tbody>\n<tr>\n<td>55<\/td>\n<td colspan=\"2\">Automatyczny pob\u00f3r pr\u00f3b glebowych z obrysem pola<\/td>\n<td class=\"col-md-2\">10,00<\/td>\n<td class=\"col-md-2\">15,00<\/td>\n<td>1 ha<\/td>\n<\/tr>\n<tr>\n<td>56<\/td>\n<td colspan=\"2\">R\u0119czny pob\u00f3r pr\u00f3b glebowych<\/td>\n<td>8,00<\/td>\n<td>10,00<\/td>\n<td>1 ha<\/td>\n<\/tr>\n<tr>\n<td>57<\/td>\n<td colspan=\"2\">Automatyczny pob\u00f3r pr\u00f3b glebowych do oznacze\u0144 azotu mineralnego z g\u0142\u0119boko\u015bci 0-30cm i 30-60cm<\/td>\n<td>15,00<\/td>\n<td>20,00<\/td>\n<td>1 ha<\/td>\n<\/tr>\n<tr>\n<td>58<\/td>\n<td colspan=\"2\">Mapy zasobno\u015bci p\u00f3l w makroelementy (przy poborze automatycznym)<\/td>\n<td>20,00<\/td>\n<td>40,00<\/td>\n<td>pr\u00f3bka<\/td>\n<\/tr>\n<tr>\n<td>59<\/td>\n<td colspan=\"2\">Zalecenia nawozowe<\/td>\n<td>10,00<\/td>\n<td>20,00<\/td>\n<td>pr\u00f3bka<\/td>\n<\/tr>\n<tr>\n<td>60<\/td>\n<td colspan=\"2\">Plan nawozowy<\/td>\n<td colspan=\"2\" class=\"text-center\">20,00<\/td>\n<td>pr\u00f3bka<\/td>\n<\/tr>\n<tr>\n<td>61<\/td>\n<td colspan=\"2\">Dojazd do miejsca poboru z Laboratorium Ekodarpol (liczony w jedn\u0105 stron\u0119) oraz kiedy dyspans<br \/>\npomi\u0119dzy dzia\u0142kami wyniesie &gt;20km (za ka\u017cdy kolejny km)<\/td>\n<td class=\"text-center\" colspan=\"2\">2,00<\/td>\n<td>1 km<\/td>\n<\/tr>\n<\/tbody>\n<\/table>\n<p><em>1) Laboratorium EKODARPOL &#8211; specjalistyczne laboratorium EKODARPOL o profilu biologiczno-chemicznym<\/em><br \/>\n<em>2) Laboratorium zewn\u0119trzne &#8211; standardowe laboratorium chemiczne z akredytacj\u0105<\/em><\/p>\n","protected":false},"excerpt":{"rendered":"<p>Cennik obowi\u0105zuje od dnia 1.02.2023 BADANIA FIZYKO-CHEMICZNE GLEBY ROLNICZE Lp. Badane cechy\/parametry Metoda badawcza Dokumenty odniesienia Cena us\u0142ugi [z\u0142 brutto] 1 Sucha masa i zawarto\u015b\u0107 wody Wagowa PN-ISO 11465:1999 23,00 2 pH w chlorku potasu Potencjometryczna PN-ISO 10390:1997 15,00 3 Fosfor przyswajalny Ekstrakcja Mehlich 3 Spektrometria mas sprz\u0119\u017cona z plazm\u0105 wzbudzan\u0105 indukcyjnie (ICP MS) EKO\/LAB\/PB-G-01:2018 [&hellip;]<\/p>\n","protected":false},"author":2,"featured_media":0,"parent":0,"menu_order":0,"comment_status":"closed","ping_status":"closed","template":"","meta":{"footnotes":""},"class_list":["post-818","page","type-page","status-publish","hentry"],"acf":[],"_links":{"self":[{"href":"https:\/\/www.ekodarpol.pl\/laboratorium\/wp-json\/wp\/v2\/pages\/818"}],"collection":[{"href":"https:\/\/www.ekodarpol.pl\/laboratorium\/wp-json\/wp\/v2\/pages"}],"about":[{"href":"https:\/\/www.ekodarpol.pl\/laboratorium\/wp-json\/wp\/v2\/types\/page"}],"author":[{"embeddable":true,"href":"https:\/\/www.ekodarpol.pl\/laboratorium\/wp-json\/wp\/v2\/users\/2"}],"replies":[{"embeddable":true,"href":"https:\/\/www.ekodarpol.pl\/laboratorium\/wp-json\/wp\/v2\/comments?post=818"}],"version-history":[{"count":51,"href":"https:\/\/www.ekodarpol.pl\/laboratorium\/wp-json\/wp\/v2\/pages\/818\/revisions"}],"predecessor-version":[{"id":1630,"href":"https:\/\/www.ekodarpol.pl\/laboratorium\/wp-json\/wp\/v2\/pages\/818\/revisions\/1630"}],"wp:attachment":[{"href":"https:\/\/www.ekodarpol.pl\/laboratorium\/wp-json\/wp\/v2\/media?parent=818"}],"curies":[{"name":"wp","href":"https:\/\/api.w.org\/{rel}","templated":true}]}}