{"id":364,"date":"2016-10-10T13:40:37","date_gmt":"2016-10-10T11:40:37","guid":{"rendered":"http:\/\/www.ekodarpol.pl\/laboratorium\/?page_id=364"},"modified":"2019-02-22T12:26:07","modified_gmt":"2019-02-22T11:26:07","slug":"o-nas","status":"publish","type":"page","link":"https:\/\/www.ekodarpol.pl\/laboratorium\/o-nas\/","title":{"rendered":"O nas"},"content":{"rendered":"<p><strong>LABORATORIUM BADAWCZE EKODARPOL<\/strong><\/p>\n<p>W ramach rozwoju zaplecza naukowo-badawczego PPH Ekodarpol uruchomi\u0142o w 2015 r. laboratorium badawcze o profilu biologiczno-chemicznym. Pozwala ono na szczeg\u00f3\u0142owe badania na ka\u017cdym z etap\u00f3w produkcji, co gwarantuje wysok\u0105 jako\u015b\u0107 oferowanych produkt\u00f3w.<\/p>\n<p>Laboratorium \u015bwiadczy r\u00f3wnie\u017c us\u0142ugi w zakresie bada\u0144 laboratoryjnych dla potrzeb rolnictwa. Wykonuje analizy fizyko-chemiczne i mikrobiologiczne gleb, w\u00f3d, ro\u015blin, nawoz\u00f3w i produkt\u00f3w \u017cywno\u015bciowych.<\/p>\n<p>Specjalizuje si\u0119 w kompleksowym badaniu gleb dla potrzeb rolniczych, obejmuj\u0105cym pobieranie pr\u00f3bek glebowych, analizy fizyko-chemiczne i mikrobiologiczne, opracowywanie wynik\u00f3w bada\u0144, map glebowych oraz indywidualnych zalece\u0144 nawozowych.<\/p>\n<p>Dzi\u0119ki kompetencjom personelu, najwy\u017cszej klasy wyposa\u017ceniu laboratorium oraz stosowaniem znormalizowanych metod badawczych , pozyskali\u015bmy w kr\u00f3tkim czasie zaufanie szerokiego grona zadowolonych Klient\u00f3w.<\/p>\n<p>Klienci Laboratorium Ekodarpol mog\u0105 liczy\u0107 na kompleksow\u0105 obs\u0142ug\u0119, terminowo\u015b\u0107 zlece\u0144, kr\u00f3tki czas oczekiwania na wyniki bada\u0144 oraz profesjonalne doradztwo.<\/p>\n<p>&nbsp;<\/p>\n<p><iframe loading=\"lazy\" width=\"750\" height=\"422\" src=\"https:\/\/www.youtube.com\/embed\/VBDGrkpC0fM?feature=oembed\" frameborder=\"0\" allow=\"accelerometer; autoplay; encrypted-media; gyroscope; picture-in-picture\" allowfullscreen><\/iframe><\/p>\n","protected":false},"excerpt":{"rendered":"<p>LABORATORIUM BADAWCZE EKODARPOL W ramach rozwoju zaplecza naukowo-badawczego PPH Ekodarpol uruchomi\u0142o w 2015 r. laboratorium badawcze o profilu biologiczno-chemicznym. Pozwala ono na szczeg\u00f3\u0142owe badania na ka\u017cdym z etap\u00f3w produkcji, co gwarantuje wysok\u0105 jako\u015b\u0107 oferowanych produkt\u00f3w. Laboratorium \u015bwiadczy r\u00f3wnie\u017c us\u0142ugi w zakresie bada\u0144 laboratoryjnych dla potrzeb rolnictwa. Wykonuje analizy fizyko-chemiczne i mikrobiologiczne gleb, w\u00f3d, ro\u015blin, nawoz\u00f3w [&hellip;]<\/p>\n","protected":false},"author":2,"featured_media":699,"parent":0,"menu_order":0,"comment_status":"closed","ping_status":"closed","template":"template-onas.php","meta":{"footnotes":""},"class_list":["post-364","page","type-page","status-publish","has-post-thumbnail","hentry"],"acf":[],"_links":{"self":[{"href":"https:\/\/www.ekodarpol.pl\/laboratorium\/wp-json\/wp\/v2\/pages\/364"}],"collection":[{"href":"https:\/\/www.ekodarpol.pl\/laboratorium\/wp-json\/wp\/v2\/pages"}],"about":[{"href":"https:\/\/www.ekodarpol.pl\/laboratorium\/wp-json\/wp\/v2\/types\/page"}],"author":[{"embeddable":true,"href":"https:\/\/www.ekodarpol.pl\/laboratorium\/wp-json\/wp\/v2\/users\/2"}],"replies":[{"embeddable":true,"href":"https:\/\/www.ekodarpol.pl\/laboratorium\/wp-json\/wp\/v2\/comments?post=364"}],"version-history":[{"count":28,"href":"https:\/\/www.ekodarpol.pl\/laboratorium\/wp-json\/wp\/v2\/pages\/364\/revisions"}],"predecessor-version":[{"id":1346,"href":"https:\/\/www.ekodarpol.pl\/laboratorium\/wp-json\/wp\/v2\/pages\/364\/revisions\/1346"}],"wp:featuredmedia":[{"embeddable":true,"href":"https:\/\/www.ekodarpol.pl\/laboratorium\/wp-json\/wp\/v2\/media\/699"}],"wp:attachment":[{"href":"https:\/\/www.ekodarpol.pl\/laboratorium\/wp-json\/wp\/v2\/media?parent=364"}],"curies":[{"name":"wp","href":"https:\/\/api.w.org\/{rel}","templated":true}]}}